factors of 508030?
2, 5, 101, 503
What are the prime factors of 224856?
2, 3, 347
What are the prime factors of 26218003?
7, 43, 87103
List the prime factors of 6243179.
73, 85523
What are the prime factors of 133153?
133153
List the prime factors of 7773308.
2, 1237, 1571
What are the prime factors of 5266017?
3, 585113
List the prime factors of 58638.
2, 3, 29, 337
List the prime factors of 1801921.
11, 163811
List the prime factors of 171735.
3, 5, 107
What are the prime factors of 6384489?
3, 271, 7853
What are the prime factors of 278306?
2, 7, 103, 193
What are the prime factors of 109452?
2, 3, 7, 1303
What are the prime factors of 513151?
619, 829
List the prime factors of 222811.
181, 1231
List the prime factors of 139708.
2, 53, 659
List the prime factors of 491681.
53, 9277
List the prime factors of 12781002.
2, 3, 13, 163859
What are the prime factors of 14750504?
2, 89, 20717
List the prime factors of 2595865.
5, 173, 3001
List the prime factors of 648087.
3, 11, 41, 479
What are the prime factors of 2001024?
2, 3, 193
List the prime factors of 9095923.
9095923
List the prime factors of 1303155.
3, 5, 7, 197
What are the prime factors of 13732360?
2, 5, 343309
What are the prime factors of 19329115?
5, 13, 297371
What are the prime factors of 2803943?
383, 7321
List the prime factors of 108221.
31, 3491
What are the prime factors of 3481395?
3, 5, 23, 10091
What are the prime factors of 1967390?
2, 5, 196739
What are the prime factors of 942599?
7, 17, 89
List the prime factors of 5244768.
2, 3, 18211
List the prime factors of 1019639.
1019639
List the prime factors of 1844586.
2, 3, 34159
List the prime factors of 8148793.
8148793
What are the prime factors of 1118595?
3, 5, 74573
What are the prime factors of 1186200?
2, 3, 5, 659
What are the prime factors of 1326397?
31, 42787
List the prime factors of 8108041.
19, 426739
List the prime factors of 5650736.
2, 7, 13, 3881
What are the prime factors of 291570?
2, 3, 5, 9719
What are the prime factors of 4206385?
5, 841277
What are the prime factors of 135722?
2, 79, 859
List the prime factors of 791474.
2, 395737
What are the prime factors of 45629?
103, 443
What are the prime factors of 1364944?
2, 7, 1741
What are the prime factors of 222339?
3, 13, 5701
What are the prime factors of 243210?
2, 3, 5, 11, 67
What are the prime factors of 12355057?
11, 13, 86399
What are the prime factors of 5728942?
2, 523, 5477
List the prime factors of 790918.
2, 395459
List the prime factors of 4463242.
2, 7, 23, 83, 167
What are the prime factors of 286438?
2, 197, 727
What are the prime factors of 292432?
2, 7, 373
What are the prime factors of 292772?
2, 53, 1381
List the prime factors of 16849736.
2, 2106217
List the prime factors of 3808657.
29, 61, 2153
List the prime factors of 7641260.
2, 5, 11, 47, 739
What are the prime factors of 5942514?
2, 3, 31, 43, 743
What are the prime factors of 3151736?
2, 7, 23, 2447
What are the prime factors of 126802?
2, 13, 4877
List the prime factors of 88721.
88721
List the prime factors of 6798318.
2, 3, 1133053
List the prime factors of 1240667.
1240667
What are the prime factors of 35331923?
11, 149, 21557
List the prime factors of 293552.
2, 7, 2621
What are the prime factors of 1819609?
11, 83, 1993
List the prime factors of 580280.
2, 5, 89, 163
What are the prime factors of 10432094?
2, 499, 10453
List the prime factors of 59702.
2, 29851
List the prime factors of 12256417.
41, 298937
List the prime factors of 87594.
2, 3, 13, 1123
What are the prime factors of 608009?
103, 5903
What are the prime factors of 1341816?
2, 3, 7, 163
What are the prime factors of 4781334?
2, 3, 796889
What are the prime factors of 442175?
5, 23, 769
What are the prime factors of 2474490?
2, 3, 5, 82483
What are the prime factors of 5320560?
2, 3, 5, 7, 3167
What are the prime factors of 751253?
43, 17471
What are the prime factors of 12210559?
19, 31, 20731
List the prime factors of 382515.
3, 5, 7, 3643
What are the prime factors of 2628811?
2628811
List the prime factors of 6303147.
3, 59, 149, 239
What are the prime factors of 1279455?
3, 5, 85297
List the prime factors of 5234562.
2, 3, 43, 6763
List the prime factors of 640748.
2, 41, 3907
List the prime factors of 6109670.
2, 5, 7, 87281
What are the prime factors of 2463608?
2, 7, 29, 37, 41
List the prime factors of 2700701.
43, 181, 347
What are the prime factors of 679885?
5, 135977
What are the prime factors of 373908?
2, 3, 31159
List the prime factors of 1810935.
3, 5, 7, 5749
What are the prime factors of 1526784?
2, 3, 7, 71
What are the prime factors of 5847205?
5, 7, 13, 71, 181
List the prime factors of 9317559.
3, 53, 58601
List the prime factors of 1570625.
5, 7, 359
List the prime factors of 47797.
47797
What are the prime factors of 482543?
19, 109, 233
What are the prime factors of 404690?
2, 5, 11, 13, 283
List the prime factors of 4249710.
2, 3, 5, 23, 2053
List the prime factors of 2676674.
2, 7, 11, 13, 191
List the prime factors of 352609.
53, 6653
List the prime factors of 5209666.
2, 7, 11, 33829
What are the prime factors of 6674680?
2, 5, 166867
List the prime factors of 16397056.
2, 13, 379
What are the prime factors of 589617?
3, 7, 191
List the prime factors of 6125919.
3, 151, 13523
What are the prime factors of 4675293?
3, 7, 29, 853
List the prime factors of 2647043.
7, 378149
What are the prime factors of 34087?
89, 383
List the prime factors of 215141.
215141
List the prime factors of 7446417.
3, 11, 29, 31, 251
List the prime factors of 662105.
5, 132421
What are the prime factors of 33012?
2, 3, 7, 131
What are the prime factors of 15341995?
5, 41, 67, 1117
What are the prime factors of 171704?
2, 13, 127
List the prime factors of 227673.
3, 41, 617
What are the prime factors of 6059065?
5, 1211813
What are the prime factors of 92529?
3, 23, 149
What are the prime factors of 188915?
5, 37783
What are the prime factors of 191495?
5, 38299
What are the prime factors of 929381?
929381
List the prime factors of 148756.
2, 37189
List the prime factors of 656742.
2, 3, 23, 4759
List the prime factors of 213191.
11, 19381
What are the prime factors of 493?
17, 29
What are the prime factors of 20834804?
2, 5208701
What are the prime factors of 1284956?
2, 321239
List the prime factors of 949849.
949849
List the prime factors of 215464.
2, 23, 1171
List the prime factors of 204882.
2, 3, 34147
What are the prime factors of 2393952?
2, 3, 11, 2267
What are the prime factors of 9217992?
2, 3, 7, 54869
List the prime factors of 3163411.
17, 53, 3511
What are the prime factors of 8111420?
2, 5, 431, 941
List the prime factors of 320189.
29, 61, 181
List the prime factors of 143629.
143629
List the prime factors of 800792.
2, 31, 3229
List the prime factors of 620418.
2, 3, 53, 1951
List the prime factors of 204674.
2, 102337
What are the prime factors of 126738?
2, 3, 2347
List the prime factors of 9217769.
11, 837979
List the prime factors of 523311.
3, 17, 31, 331
What are the prime factors of 2135617?
11, 149, 1303
List the prime factors of 208057.
208057
What are the prime factors of 1566860?
2, 5, 157, 499
List the prime factors of 1145919.
3, 17, 22469
List the prime factors of 232192.
2, 907
What are the prime factors of 2195763?
3, 731921
What are the prime factors of 393522?
2, 3, 65587
What are the prime factors of 49316?
2, 12329
List the prime factors of 2060261.
7, 89, 3307
What are the prime factors of 1998088?
2, 379, 659
What are the prime factors of 4970969?
4970969
List the prime factors of 280134.
2, 3, 79, 197
List the prime factors of 1994768.
2, 124673
What are the prime factors of 859736?
2, 107467
List the prime factors of 312602.
2, 149, 1049
What are the prime factors of 1189451?
41, 67, 433
What are the prime factors of 448121?
448121
List the prime factors of 778045.
5, 155609
What are the prime factors of 573999?
3, 73, 2621
List the prime factors of 1531259.
131, 11689
List the prime factors of 915250.
2, 5, 7, 523
What are the prime factors of 1414480?
2, 5, 17681
What are the prime factors of 758?
2, 379
List the prime factors of 411970.
2, 5, 13, 3169
List the prime factors of 1037375.
5, 43, 193
List the prime factors of 5151190.
2, 5, 11, 46829
